prime?
True
Is 1152759997 a prime number?
False
Is 88006209737 prime?
False
Is 6151752847 a prime number?
False
Is 378609403 a composite number?
True
Is 24447267179 a prime number?
True
Is 20807185101 composite?
True
Is 3715188179 a prime number?
False
Is 273008941 a composite number?
False
Is 3108361439 a composite number?
False
Is 778522177 prime?
True
Is 369383153 a prime number?
False
Is 2308902457 composite?
False
Is 707572273 composite?
True
Is 7922447153 a composite number?
False
Is 11020410143 prime?
True
Is 939468107 prime?
False
Is 1894791449 composite?
False
Is 267224899 a composite number?
False
Is 150641687219 prime?
True
Is 41621546009 prime?
True
Is 3969458861 a composite number?
False
Is 48546841021 a prime number?
False
Is 5016552157 composite?
True
Is 235494517 prime?
True
Is 476896699 a composite number?
True
Is 3370408057 a prime number?
True
Is 34118978609 a composite number?
True
Is 3582260861 composite?
False
Is 58043608057 composite?
True
Is 10573172711 prime?
True
Is 1254588721 a composite number?
True
Is 7233130291 a composite number?
True
Is 16059699989 a composite number?
True
Is 1503477323 composite?
False
Is 5798068351 a composite number?
False
Is 33143797 composite?
True
Is 9346274897 composite?
False
Is 25699629817 a composite number?
False
Is 332058527 a composite number?
True
Is 1017019739 a composite number?
False
Is 6249252739 a prime number?
False
Is 1013124751 a composite number?
True
Is 1006659319 composite?
False
Is 597001481 prime?
True
Is 8728775467 a composite number?
True
Is 1472369023 prime?
True
Is 18456613891 prime?
False
Is 414325277 prime?
True
Is 14451199199 a composite number?
False
Is 18222828739 a composite number?
True
Is 729000439 a prime number?
False
Is 784272729 composite?
True
Is 10516541911 a prime number?
True
Is 702209933 a composite number?
True
Is 20218260913 composite?
True
Is 269073967 prime?
False
Is 1875345266 composite?
True
Is 4067033401 composite?
True
Is 8749232567 a composite number?
False
Is 63950567937 prime?
False
Is 268685789 composite?
False
Is 146451119 a prime number?
True
Is 40909960141 composite?
False
Is 18092681587 composite?
True
Is 20713493441 composite?
False
Is 36068313601 a composite number?
True
Is 150498790565 prime?
False
Is 3866139671 prime?
False
Is 23322683887 prime?
True
Is 6555316361 a composite number?
True
Is 15971752387 prime?
False
Is 12312043967 composite?
True
Is 2640313621 a prime number?
False
Is 23922015497 composite?
True
Is 902439503 a composite number?
True
Is 615424163 a prime number?
False
Is 21131003639 composite?
False
Is 1106369557 prime?
False
Is 9710142371 a prime number?
False
Is 446774199 a composite number?
True
Is 14559587165 prime?
False
Is 25976520509 a composite number?
True
Is 6407772643 a prime number?
True
Is 15202007993 a prime number?
True
Is 11532043 a prime number?
True
Is 555650663 a prime number?
True
Is 4865410223 a composite number?
False
Is 5459977543 a prime number?
True
Is 671011031 a prime number?
True
Is 3544241993 a prime number?
True
Is 19033849 a composite number?
False
Is 1447717345 a prime number?
False
Is 181261879 a prime number?
False
Is 3794499031 prime?
True
Is 584053577 prime?
False
Is 698654629 a prime number?
False
Is 11988879437 a prime number?
True
Is 1373610647 a prime number?
False
Is 1441988423 a composite number?
True
Is 4555180931 composite?
True
Is 842617327 a composite number?
True
Is 235167059 a prime number?
True
Is 3888618509 a composite number?
True
Is 74520096047 a prime number?
True
Is 3628589507 a composite number?
False
Is 8699297627 prime?
True
Is 5950763321 a prime number?
False
Is 23204093867 a composite number?
True
Is 5228063611 prime?
False
Is 39153805987 composite?
False
Is 5372584847 a composite number?
True
Is 691475866 a composite number?
True
Is 1753383389 a composite number?
False
Is 584785951 prime?
True
Is 2630735473 a prime number?
False
Is 1133655287 prime?
True
Is 84950337 prime?
False
Is 802810483 a composite number?
True
Is 36866390881 composite?
False
Is 5158271777 composite?
True
Is 1319892313 a prime number?
True
Is 12133100951 a composite number?
True
Is 6880122517 a prime number?
True
Is 82945273 composite?
True
Is 46660949 a prime number?
False
Is 294477923 a prime number?
False
Is 16126899721 a prime number?
True
Is 24657650841 a composite number?
True
Is 5710091326 composite?
True
Is 4035248963 prime?
False
Is 634007861 a prime number?
True
Is 162729689 a prime number?
True
Is 449628013 a prime number?
False
Is 3277325521 prime?
False
Is 1201656059 a prime number?
False
Is 426346201 a composite number?
False
Is 20259138979 prime?
True
Is 18011304217 prime?
True
Is 343438013 prime?
True
Is 53856158053 prime?
True
Is 567843007 a prime number?
False
Is 4096196987 prime?
True
Is 27431644147 composite?
False
Is 6480458063 composite?
False
Is 6304339637 a prime number?
True
Is 5975686127 prime?
True
Is 29200064317 composite?
True
Is 1663487539 composite?
True
Is 33760201 a prime number?
True
Is 1218124651 a composite number?
False
Is 29218846231 a prime number?
True
Is 2082062147 a composite number?
True
Is 2084828498 a composite number?
True
Is 15725590453 composite?
True
Is 435533210719 a composite number?
True
Is 3709158553 prime?
True
Is 14603846441 composite?
True
Is 3819252779 composite?
False
Is 11107615031 a composite number?
False
Is 134626139 composite?
False
Is 6107287429 a prime number?
False
Is 50377966123 prime?
True
Is 113465289187 a composite number?
True
Is 976614263 composite?
False
Is 47443077677 a composite number?
True
Is 53496708781 a composite number?
True
Is 8028157391 a prime number?
True
Is 2365939553 composite?
False
Is 9429903529 prime?
True
Is 5459852891 a prime number?
False
Is 4766312113 prime?
False
Is 2845115323 a composite number?
False
Is 6485732179 prime?
True
Is 31822609781 composite?
True
Is 95074591141 composite?
False
Is 458358829 prime?
False
Is 11309485123 composite?
False
Is 60366087031 composite?
True
Is 1877757347 composite?
False
Is 183133068439 a composite number?
False
Is 40529329117 a prime number?
False
Is 76555509101 composite?
False
Is 2509565039 composite?
True
Is 1027397429 composite?
False
Is 632521163 a prime number?
False
Is 2094269467 a composite number?
False
Is 1730337463 composite?
True
Is 883686779 prime?
False
Is 797641327 a prime number?
False
Is 1888656643 a prime number?
False
Is 318803551 a prime number?
False
Is 6646335629 a composite number?
False
Is 3102528631 a prime number?
False
Is 24980832983 prime?
True
Is 483429007 composite?
False
Is 7508005213 a composite number?
False
Is 79379643757 a prime number?
False
Is 17831157613 prime?
False
Is 21750622969 a prime number?
False
Is 4763874499 a composite number?
False
Is 50338184207 a composite number?
True
Is 1708093417 composite?
True
Is 319224427 composite?
False
Is 53586031139 a composite number?
True
Is 787785178 a composite number?
True
Is 1280739599 a composite number?
False
Is 1618924049 a prime number?
False
Is 968808589 a prime number?
False
Is 50682197603 composite?
False
Is 217105333 a composite number?
False
Is 14768690221 a prime number?
True
Is 12365407633 a composite number?
False
Is 797446339 composite?
False
Is 176802193 a prime number?
False
Is 101957385839 composite?
False
Is 22201501933 a prime number?
False
Is 19309159 a prime number?
True
Is 18120915271 a prime number?
True
Is 188612015 composite?
True
Is 230119397 a composite number?
False
Is 698133011 composite?
True
Is 78921329 a composite number?
False
Is 2114770621 prime?
True
Is 16210175251 a prime number?
False
Is 82978225123 composite?
False
Is 12384036191 a composite number?
False
Is 5596049926 composite?
True
Is 20404907 composite?
False
Is 4229328583 a prime number?
True
Is 1352117707 composite?
False
Is 133607819 a composite number?
True
Is 76070021 a composite number?
False
Is 136395541 a prime number?
False
Is 2723616091 composite?
True
Is 362857259 a composite number?
True
Is 3801490687 a prime number?
True
Is 13817762921 a composite number?
True
Is 113469126779 prime?
False
Is 442049651 prime?
True
Is 2294255233 composite?
False
Is 131919713 a composite number?
True
Is 4078694813 prime?
False
Is 1950042317 a prime number?
False
Is 74412847189 a co